pose -v*t - w - 3*w = -16, -33 = -2*t + 3*w. What is the remainder when 15 is divided by t?
6
Suppose -h + 25 = 4*h, 4*o - 3*h = -7. Suppose 0 = z + o*z - 87. Calculate the remainder when z is divided by 8.
5
Let m = 7 - 4. Let s(p) = p**2 - 2*p + 2. Suppose -5*n = -3*t + 16, 0*n = n + 2. What is the remainder when s(m) is divided by t?
1
Calculate the remainder when (-27)/(-18) + ((-23)/(-2) - -1) is divided by 8.
6
Let z = 118 + -84. Calculate the remainder when 64 is divided by z.
30
Suppose 2*g = 5*c - 126, 0 = 2*c + 3*g - 7*g - 44. Let r = c - 8. Calculate the remainder when r is divided by 10.
8
Let b = 16 + -11. Suppose -3*u + 61 = -5*m, -4*m + b*m + 109 = 5*u. What is the remainder when 42 is divided by u?
20
Let f(h) = -11*h**3 - h**2 + 1. What is the remainder when 21 is divided by f(-1)?
10
What is the remainder when (-20 - -11)/((-2)/8) is divided by 10?
6
Let n(y) = 6*y**2 - 2*y + 3. Calculate the remainder when n(2) is divided by 11 - (0 + -2)/2.
11
Let y(i) = i**2 - 8*i + 7. Let u be y(5). Let a be (5/(-4))/((-2)/u). Calculate the remainder when 9 is divided by 2/a - (-108)/20.
4
Calculate the remainder when 15 is divided by 54/90*10*1.
3
Suppose -5*t - m + 583 = 0, 2*t - 305 = -5*m - 81. Calculate the remainder when t is divided by 40.
37
Suppose -6 = -4*s + s. Suppose -3*n + 10 = 2*n. Suppose -3*b + s*b + n = 0. Calculate the remainder when 6 is divided by b.
0
Let j(x) = 2*x**2 - 2*x - 7. Suppose 3*h = -2*h + 50. Calculate the remainder when j(-5) is divided by (-2 + 1 - -5) + h.
11
Let z be (-2 - 1)*4/(-6). Let c = z - 11. What is the remainder when (-42)/c - 2/3 is divided by 2?
0
Let b = 37 + -16. Calculate the remainder when 39 is divided by b.
18
Suppose 2*n = -4*p + 24, -2*n + 7 = 5*p - 13. What is the remainder when 48 is divided by -4 + 2 + -1 + n?
14
Suppose -2*h = h. Suppose 2*f - f = h. Calculate the remainder when f + 1/1*26 is divided by 14.
12
Let v be ((-27)/(-6))/((-6)/8). Let o(y) = -y**3 - 4*y**2 + 3*y - 5. Calculate the remainder when o(v) is divided by 13.
10
Suppose -5*f + 328 = 2*p, 2*f + 3*f - p - 316 = 0. Suppose 3*x = 2*x + 22. Calculate the remainder when f is divided by x.
20
Suppose 2*z = p + 12, 6*z + p = 2*z + 18. Suppose -d + 0 = -3. Calculate the remainder when z is divided by d.
2
Suppose 5*l - 43 = 2*l + 2*u, 2*l - 3*u - 22 = 0. Calculate the remainder when 48 is divided by l.
14
Suppose 2*a + 5*t = -6 + 43, a - 16 = -5*t. Calculate the remainder when 103 is divided by a.
19
Let q(m) = m**3 - 5*m**2 + 11*m - 23. Calculate the remainder when q(7) is divided by 39.
35
Suppose 183 = 9*p + 21. What is the remainder when 53 is divided by p?
17
Suppose -3*b = -4*b. Let z be 1 + (2 - (b + 1)). Suppose 5*c - z*c - 96 = 0. What is the remainder when c is divided by 17?
15
Let r(n) = 3*n + 5. Let y = -4 + 6. Suppose 3*p - 5*x - 135 = 0, 0 = 5*p - y*x - 84 - 141. What is the remainder when p is divided by r(6)?
22
Suppose 36 = -2*c + 3*n + 136, 5*c - n - 237 = 0. Calculate the remainder when c is divided by 10.
7
Let w(k) = k**2 + 4*k - 7. Let n be w(-5). Let v(i) = -4*i**3 - 3*i**2 + 2. Calculate the remainder when 64 is divided by v(n).
20
Suppose 7 = 3*l - 20. What is the remainder when 115 is divided by l?
7
Suppose -44 = -3*q + 34. Calculate the remainder when 126 is divided by q.
22
Let m be 1 - ((-4 - 1) + 1). Suppose -m = -2*d - 3. Calculate the remainder when 2 is divided by d.
0
Suppose i + 14 = 2*i. Suppose 13 = 5*t - 37. Suppose 0 = -5*r - 0 + t, -r - 198 = -5*h. What is the remainder when h is divided by i?
12
Let j(g) = g**2 + 7*g + 2. Let n be j(-7). Suppose 4*y - 54 = -2*h, n*y + 2*h = y + 15. What is the remainder when 36 is divided by y?
10
Let h be 12/54 + 4/(-18). Let y = 1 - h. Calculate the remainder when 4 is divided by y.
0
Let i(k) = -k**3 + 5*k**2 + 2. Calculate the remainder when i(5) is divided by (-36)/60 - 26/(-10).
0
Let l = 10 - 4. Calculate the remainder when 10 is divided by l.
4
Suppose 2*v - 20 = -3*v. Calculate the remainder when 48 is divided by 6/v*(-150)/(-9).
23
Let i(q) = 7*q. Let h be i(-3). Let f = 28 - 67. Let u = h - f. What is the remainder when 35 is divided by u?
17
What is the remainder when 35 is divided by (1 + 0)/((-3)/(-57))?
16
Suppose 4*f + 8 = w + w, 4*w - 26 = 3*f. What is the remainder when 38 is divided by w?
6
Let f(v) = 28*v**2 + v. Calculate the remainder when f(1) is divided by 4.
1
Let d be (20/(-6))/((-3)/9). Suppose o + o - d = 0. Suppose 29 = -o*i + 79. What is the remainder when i is divided by 4?
2
Let a be -92*(-1)/(3/(-3)). Let f = a + 129. Let k = 1 + 9. What is the remainder when f is divided by k?
7
Let x = 11 - 3. What is the remainder when 57 is divided by 118/x + (-1)/(-4)?
12
Suppose 312 = -3*i + 15*i. What is the remainder when 49 is divided by i?
23
Calculate the remainder when 67 is divided by -3*(4 - 138/9).
33
Suppose -3*a + 0*a + 21 = 0. Suppose -4*t - 5*n + 87 = a, n = 3*t - 41. What is the remainder when 28 is divided by t?
13
Let h = 1 + -3. Calculate the remainder when -1 + h/1 + 22 is divided by 10.
9
Let n(g) be the first derivative of -g**4/4 + 8*g**3/3 - g**2 - 9*g + 4. Calculate the remainder when n(7) is divided by 14.
12
Let w(k) = 2*k + 55. What is the remainder when w(-16) is divided by 13?
10
Suppose 2*r + 0*r - 4 = 0. Suppose -f = r*f - 207. Calculate the remainder when f is divided by 24.
21
Let t be (1/(-1))/(1/(-4)). Let y(d) = -d**3 - 7*d**2 - 6*d + 5. Calculate the remainder when t/(-6)*(2 - 23) is divided by y(-6).
4
Suppose 5*g - 4*b - 45 = 0, 4*b = g + 5 - 14. Calculate the remainder when g is divided by 6.
3
Let m(v) = -3*v - 5. Let d = -4 - -7. Suppose -5*r = 3*p - 104, d*r - 66 = p - 4*p. What is the remainder when r is divided by m(-5)?
9
Let c = -57 - -133. Suppose -2*v + 5*m = -54, -5*m - c = -3*v + 5. Let x = 38 - v. What is the remainder when 31 is divided by x?
9
Let n be 2 + 1 + -2 - -1. Let b = n + 1. Suppose -10 = b*z - 5*f, -4*z - 4*f = -18 - 22. What is the remainder when 8 is divided by z?
3
What is the remainder when (-24)/(-32) - -69*(-3)/(-12) is divided by 11?
7
Let k(v) = 2*v + 14. Let u be (-1)/(1*2/(-86)). Suppose -s = 4*s - 20, 4*s = -x + u. What is the remainder when x is divided by k(0)?
13
Let h = -100 + 117. What is the remainder when 64 is divided by h?
13
Let w(u) = -u**3 + 12*u**2 - 19*u - 7. What is the remainder when 6 is divided by w(10)?
0
Suppose 0 = 2*y - 3*f + 3, 2*f = 3*y - 3*f + 7. Suppose -v - 50 = -y*v. What is the remainder when (-1 + 2)/((-2)/(-56)) is divided by v?
8
Suppose 0 = 2*w - 0*w. Let r be (-15*(w + 1))/1. What is the remainder when 25 is divided by 1 + (-4 - -1) - r?
12
Let b(u) = 14*u - 7. Calculate the remainder when 36 is divided by b(2).
15
Suppose 24*r = 27*r - 288. Calculate the remainder when r is divided by 33.
30
Suppose -u - 5*z = -98, -148 + 490 = 4*u - 5*z. Let g = 221 - u. Suppose -3*y = -s + 39, -2*s + y = s - g. What is the remainder when s is divided by 16?
13
Let p(b) = b**3 + 5*b**2 + 3*b + 3. Suppose -h + 92 = 3*h. What is the remainder when h is divided by p(-3)?
11
Let t be 4/22 - 53/(-11). Suppose n = 4*i + 2*n - 60, -t*i = -2*n - 88. Suppose 2*r - 3*r + i = 0. Calculate the remainder when r is divided by 6.
4
Suppose -2 = 3*d - 8. Suppose -2*l + f + 24 = 0, -2*l + 48 = d*l - 5*f. Calculate the remainder when (1 - (-78)/(-10))*-5 is divided by l.
10
Let g(a) = a**3 - 5*a**2 + 4*a - 5. Let o = 12 - 12. Suppose o = -3*c + 1 + 86. Calculate the remainder when c is divided by g(5).
14
Let r = -14 + 9. Let m = -2 - r. What is the remainder when m is divided by 1?
0
Let v = 48 + -34. Calculate the remainder when 38 is divided by v.
10
Let v = -20 + 31. Calculate the remainder when v is divided by 4.
3
Suppose -5*t + 12 = -t. Suppose -t*z = -6*z + 48. Suppose 23 = 5*x - 5*v + 3, -2*v = 4*x - 46. What is the remainder when z is divided by x?
7
Let k(a) = 5*a**2. Calculate the remainder when (-4)/6*585/(-10) is divided by k(2).
19
Let c = -5 + 7. Suppose 0 = c*v - 4*v. Let f(g) = -g**3 - g**2 - g + 36. What is the remainder when f(v) is divided by 19?
17
Suppose 4*q = m - 10, -5*m + 4 = -0*q + 3*q. Let o be (7/2 - m)*2. Suppose 2*p - o*t = -p + 33, 5*t - 20 = 0. What is the remainder when p is divided by 8?
7
Suppose i = m - 3